False
Is 14 a factor of 1217?
False
Does 15 divide 3300?
True
Is 136 a multiple of 34?
True
Does 60 divide 928?
False
Is 103 a factor of 48719?
True
Does 8 divide 26664?
True
Does 22 divide 10975?
False
Is 2867 a multiple of 61?
True
Does 8 divide 675?
False
Is 5010 a multiple of 30?
True
Does 81 divide 729?
True
Is 13 a factor of 1417?
True
Does 110 divide 4070?
True
Is 14024 a multiple of 209?
False
Does 59 divide 15394?
False
Is 28 a factor of 4256?
True
Does 18 divide 38790?
True
Does 6 divide 834?
True
Does 95 divide 8645?
True
Does 54 divide 18198?
True
Does 83 divide 12948?
True
Does 9 divide 31248?
True
Is 6 a factor of 362?
False
Is 39 a factor of 1638?
True
Does 43 divide 5762?
True
Is 3835 a multiple of 7?
False
Is 6 a factor of 8026?
False
Is 4348 a multiple of 10?
False
Does 55 divide 7731?
False
Is 4636 a multiple of 76?
True
Is 14940 a multiple of 20?
True
Does 16 divide 1766?
False
Is 22 a factor of 562?
False
Is 16 a factor of 1968?
True
Is 56 a multiple of 56?
True
Is 29 a factor of 174?
True
Is 5 a factor of 23?
False
Does 33 divide 5824?
False
Is 6 a factor of 994?
False
Is 174 a multiple of 29?
True
Is 28 a factor of 144?
False
Does 38 divide 8775?
False
Is 12699 a multiple of 2?
False
Is 18 a factor of 1314?
True
Is 245 a multiple of 7?
True
Is 9 a factor of 36684?
True
Is 20 a factor of 9784?
False
Does 12 divide 140?
False
Does 73 divide 1568?
False
Does 30 divide 1297?
False
Is 17 a factor of 31794?
False
Is 58 a factor of 754?
True
Does 79 divide 2307?
False
Does 8 divide 275?
False
Is 10304 a multiple of 32?
True
Is 5358 a multiple of 141?
True
Is 347 a multiple of 21?
False
Is 242 a multiple of 3?
False
Is 9 a factor of 207?
True
Is 2 a factor of 3881?
False
Is 20 a factor of 28955?
False
Is 48 a multiple of 6?
True
Does 64 divide 15104?
True
Is 3 a factor of 1314?
True
Is 5207 a multiple of 127?
True
Is 83 a factor of 664?
True
Does 13 divide 119?
False
Is 4277 a multiple of 114?
False
Does 11 divide 209?
True
Does 10 divide 8304?
False
Is 504 a multiple of 24?
True
Is 5324 a multiple of 22?
True
Does 60 divide 4163?
False
Is 154 a factor of 21406?
True
Is 2853 a multiple of 37?
False
Does 61 divide 312?
False
Is 21152 a multiple of 13?
False
Is 1584 a multiple of 16?
True
Is 6750 a multiple of 90?
True
Does 10 divide 1970?
True
Is 12256 a multiple of 8?
True
Is 24 a factor of 4608?
True
Is 97430 a multiple of 322?
False
Is 5548 a multiple of 19?
True
Is 10 a factor of 66450?
True
Is 11 a factor of 10063?
False
Is 34012 a multiple of 44?
True
Does 7 divide 4718?
True
Does 90 divide 11700?
True
Is 4926 a multiple of 156?
False
Does 11 divide 26378?
True
Is 17020 a multiple of 21?
False
Is 33 a factor of 1683?
True
Is 16 a factor of 317?
False
Is 122 a multiple of 3?
False
Is 1670 a multiple of 13?
False
Is 96880 a multiple of 140?
True
Does 11 divide 3227?
False
Does 26 divide 5277?
False
Does 7 divide 1568?
True
Is 3 a factor of 6555?
True
Is 7731 a multiple of 9?
True
Is 6 a factor of 15591?
False
Does 37 divide 888?
True
Is 7995 a multiple of 195?
True
Does 26 divide 712?
False
Is 8 a factor of 277?
False
Is 10 a factor of 400?
True
Is 522 a multiple of 38?
False
Is 9372 a multiple of 66?
True
Is 5 a factor of 359?
False
Does 284 divide 73010?
False
Does 35 divide 50085?
True
Does 43 divide 894?
False
Is 8357 a multiple of 137?
True
Does 9 divide 238?
False
Does 75 divide 13996?
False
Does 33 divide 319?
False
Does 21 divide 4746?
True
Is 5 a factor of 6421?
False
Is 19 a factor of 1064?
True
Is 53 a factor of 39518?
False
Does 18 divide 24534?
True
Does 49 divide 392?
True
Is 22122 a multiple of 10?
False
Is 4 a factor of 6044?
True
Is 91690 a multiple of 53?
True
Does 35 divide 817?
False
Is 11 a factor of 220?
True
Is 72 a factor of 20376?
True
Is 1848 a multiple of 37?
False
Is 45 a multiple of 45?
True
Does 70 divide 3220?
True
Does 6 divide 435?
False
Does 24 divide 5096?
False
Is 73 a factor of 2409?
True
Is 74 a factor of 1481?
False
Does 4 divide 3305?
False
Is 4491 a multiple of 21?
False
Is 83 a factor of 30642?
False
Does 154 divide 19218?
False
Is 40 a factor of 808?
False
Is 10 a factor of 672?
False
Is 59 a factor of 2537?
True
Is 5913 a multiple of 54?
False
Is 2274 a multiple of 110?
False
Is 120 a factor of 3093?
False
Is 6 a factor of 78?
True
Is 1045 a multiple of 55?
True
Is 17 a factor of 50303?
True
Is 60 a factor of 2700?
True
Does 3 divide 986?
False
Does 8 divide 736?
True
Does 87 divide 5568?
True
Is 5 a factor of 2703?
False
Is 4 a factor of 330?
False
Does 26 divide 3966?
False
Is 319 a factor of 18821?
True
Is 6 a factor of 102?
True
Is 4 a factor of 1644?
True
Is 23 a factor of 483?
True
Does 23 divide 10649?
True
Is 27 a factor of 24618?
False
Is 1424 a multiple of 16?
True
Does 23 divide 7912?
True
Is 4784 a multiple of 11?
False
Is 94 a factor of 35250?
True
Does 118 divide 15595?
False
Is 7 a factor of 1435?
True
Does 44 divide 330?
False
Is 3174 a multiple of 46?
True
Is 16 a factor of 2272?
True
Does 93 divide 5964?
False
Is 14 a factor of 5176?
False
Is 68 a factor of 2355?
False
Does 5 divide 1780?
True
Is 74 a factor of 24494?
True
Is 2079 a multiple of 11?
True
Is 21 a factor of 1554?
True
Is 175 a multiple of 7?
True
Is 29546 a multiple of 22?
True
Does 65 divide 1012?
False
Does 46 divide 359?
False
Does 13 divide 52?
True
Does 73 divide 4088?
True
Is 15606 a multiple of 34?
True
Does 23 divide 2530?
True
Is 304 a multiple of 19?
True
Is 17487 a multiple of 81?
False
Does 40 divide 1890?
False
Is 10 a factor of 1730?
True
Is 40 a factor of 1400?
True
Does 10 divide 10210?
True
Is 40626 a multiple of 183?
True
Is 23215 a multiple of 31?
False
Is 8 a factor of 1048?
True
Does 3 divide 21112?
False
Is 151 a factor of 49278?
False
Is 39 a factor of 2365?
False
Is 66 a multiple of 6?
True
Is 1504 a multiple of 36?
False
Is 92874 a multiple of 23?
True
Is 170 even?
True
Is 8 a factor of 353?
False
Is 194 a factor of 33792?
False
Is 86 a factor of 12879?
False
Does 91 divide 1638?
True
Is 2 a factor of 339?
False
Is 21 a factor of 54912?
False
Is 4267 a multiple of 13?
False
Is 273 a multiple of 42?
False
Is 2929 a multiple of 16?
False
Does 44 divide 17370?
False
Is 13 a factor of 14742?
True
Is 50451 a multiple of 114?
False
Is 25 a factor of 1500?
True
Is 17 a factor of 4998?
True
Is 90 a multiple of 23?
False
Is 975 a multiple of 13?
True
Is 53101 a multiple of 43?
False
Is 1904 a multiple of 17?
True
Is 18207 a multiple of 7?
True
Is 3 a factor of 54?
True
Does 21 divide 798?
True
Is 357 a multiple of 15?
False
Is 1648 a multiple of 16?
True
Does 40 divide 3224?
False
Is 26 a factor of 6952?
False
Does 91 divide 91?
True
Is 1150 a multiple of 46?
True
Is 10 a factor of 340?
True
Is 71 a multiple of 9?
False
Is 1434 a multiple of 18?
False
Does 109 divide 2071?
True
Is 1740 a multiple of 29?
True
Does 5 divide 34299?
False
Is 146 a factor of 37607?
False
Is 23 a factor of 368?
True
Is 2340 a multiple of 20?
True
Is 11 a factor of 4228?
False
Is 840 a multiple of 35?
True
Is 48 a factor of 12624?
True
Is 21 a multiple of 7?
True
Does 10 divide 560?
True
Does 39 divide 1051?
False
Is 145 a multiple of 5?
True
Is 48 a factor of 625?
False
Is 47585 a multiple of 15?
False
Does 18 divide 177?
False
Is 82710 a multiple of 28?
False
Does 17 divide 17?
True
Is 1213 a multiple of 15?
False
Does 9 divide 198?
True
Does 62 divide 4169?
False
Is 13 a factor of 223?
False
Is 7695 a multiple of 171?
True
Is 427 a multiple of 7?
True
Is 126 a factor of 11214?
True
Is 10852 a multiple of 234?
False
Does 80 divide 320?
True
Is 15935 a multiple of 160?
False
Is 123 a factor of 6888?
True
Is 19 a factor of 2641?
True
Is 120 a factor of 4503?
False
Does 82 divide 20316?
False
Does 43 divide 80565?
False
Is 199 a factor of 9735?
False
Is 2292 a multiple of 6?
True
Is 27 a factor of 769?
False
Does 9 divide 3141?
True
Does 34 divide 16422?
True
Is 2002 a multiple of 77?
True
Does 130 divide 2860?
True
Is 18684 a multiple of 54?
True
Is 17 a factor of 297?
False
Is 550 a multiple of 11?
True
Does 36 divide 1908?
True
Does 29 divide 37030?
False
Is 67 a factor of 833?
False
Is 15441 a multiple of 10?
False
Is 11 a factor of 3222?
False
Is 1535 a multiple of 11?
False
Does 4 divide 376?
True
D